{"id":111,"date":"2021-08-06T20:57:35","date_gmt":"2021-08-06T18:57:35","guid":{"rendered":"https:\/\/www.carobgarden.ch\/?page_id=111"},"modified":"2022-12-05T19:40:47","modified_gmt":"2022-12-05T18:40:47","slug":"aktivitaeten","status":"publish","type":"page","link":"https:\/\/www.carobgarden.ch\/?page_id=111","title":{"rendered":"Aktivit\u00e4ten"},"content":{"rendered":"\n<div data-wp-interactive=\"core\/file\" class=\"wp-block-file\"><object data-wp-bind--hidden=\"!state.hasPdfPreview\" hidden class=\"wp-block-file__embed\" data=\"https:\/\/www.carobgarden.ch\/wp-content\/uploads\/2021\/10\/Map-Outdoor-Sightseeings.pdf\" type=\"application\/pdf\" style=\"width:100%;height:600px\" aria-label=\"Einbettung von Map-Outdoor-Sightseeings.\"><\/object><a id=\"wp-block-file--media-6ec5d399-f329-43aa-8324-d92758804dd4\" href=\"https:\/\/www.carobgarden.ch\/wp-content\/uploads\/2021\/10\/Map-Outdoor-Sightseeings.pdf\">Map-Outdoor-Sightseeings<\/a><a href=\"https:\/\/www.carobgarden.ch\/wp-content\/uploads\/2021\/10\/Map-Outdoor-Sightseeings.pdf\" class=\"wp-block-file__button wp-element-button\" download aria-describedby=\"wp-block-file--media-6ec5d399-f329-43aa-8324-d92758804dd4\">Herunterladen<\/a><\/div>\n\n\n\n<h2 class=\"wp-block-heading\" id=\"meer-in-sicht\">Meer in Sicht!<\/h2>\n\n\n\n<p>Nicht nur von jedem Studio aus in Sicht, aber tats\u00e4chlich nah: Zu Fuss in gem\u00fctlichen 5 Minuten bist du am \u00f6ffentlichen Sandstrand, der sich weit \u00fcber die Bucht von Makrygialos hinzieht. Wer es lieber mit Liegest\u00fchlen und Sonnenschirmen m\u00f6bliert hat, konsumiert etwas in einer Taverne und darf dann deren Infrastruktur nutzen. F\u00fcr alle zug\u00e4nglich hat es Duschen und vereinzelt Umkleidekabinen. F\u00fcr einen Dorfstrand ist das Meer hier auffallend sauber und der Strand ist gepflegt. Generell sind <strong>alle Str\u00e4nde \u00f6ffentlich zug\u00e4nglich<\/strong> (von Gesetzes wegen so), auch wenn es manchmal wie privat aussieht. Du darfst es also unbescholten ausprobieren.<\/p>\n\n\n\n<figure class=\"wp-block-image size-large is-resized\"><img decoding=\"async\" src=\"https:\/\/www.carobgarden.ch\/wp-content\/uploads\/2021\/08\/P5240063-1024x768.jpg\" alt=\"Makrygialos public beach\" class=\"wp-image-72\" width=\"768\" height=\"576\" srcset=\"https:\/\/www.carobgarden.ch\/wp-content\/uploads\/2021\/08\/P5240063-1024x768.jpg 1024w, https:\/\/www.carobgarden.ch\/wp-content\/uploads\/2021\/08\/P5240063-300x225.jpg 300w, https:\/\/www.carobgarden.ch\/wp-content\/uploads\/2021\/08\/P5240063-768x576.jpg 768w, https:\/\/www.carobgarden.ch\/wp-content\/uploads\/2021\/08\/P5240063-1536x1152.jpg 1536w, https:\/\/www.carobgarden.ch\/wp-content\/uploads\/2021\/08\/P5240063-2048x1536.jpg 2048w, https:\/\/www.carobgarden.ch\/wp-content\/uploads\/2021\/08\/P5240063-scaled.jpg 1920w\" sizes=\"(max-width: 768px) 100vw, 768px\" \/><\/figure>\n\n\n\n<p>Wer etwas mehr Aufwand nicht scheut, wird reich belohnt: Im <strong>Osten<\/strong>, bei den Fraktionen Analipsi und Lagada, aber immer noch in Fusswegdistanz, gibt es weitere wunderbare Str\u00e4nde und traumhafte Buchten (siehe Wanderbeschreibung unten). Ausser bei den Hotels sind sie sogar im Juli fast menschenleer! Ein Tipp ist der &#8222;Green Beach&#8220; mit der sehr netten Taverne Diaskari direkt am Meer. Etwas weiter nach Osten folgt ein Kap mit \u00dcbergang nach Langada. Der erste Strandabschnitt ist offizielle FKK-Zone (das geht aber auch anderswo, wenn es wenig Leute hat). Wer es &#8222;hipp &amp; fancy&#8220; liebt, f\u00e4hrt oder wandert ca. 5 km in Richtung Kalo Nero \/ Goudouras und kommt dann zur modern eingerichteten &#8222;Cavo Bianco&#8220;. Am besten schaust du dir die Situation auf dem Luftbild von Google an.<\/p>\n\n\n\n<p>Wer lieber auf ausgebautem Weg gem\u00fctlich dem Meer entlangschlendert und gerne mal einkehrt, wendet sich unten am Strand nach <strong>Westen <\/strong>dem Dorfzentrum zu. Besonders am Abend ist dieser \u00abLungomare\u00bb sehr reizvoll! Auch dort hat es Badestr\u00e4nde. Insbesondere hinter dem Kap liegt ein sehr sch\u00f6ner und mit vielen Tamarisken best\u00fcckter Strand. Weiter nach Westen folgt das Nachbardorf Koutsouras, wo es ebenfalls einige kleine Buchten zu entdecken gibt.<\/p>\n\n\n\n<h2 class=\"wp-block-heading\" id=\"wanderparadies\">Wanderparadies<\/h2>\n\n\n\n<p>Einfach so auf der Landkarte w\u00fcrde man es nicht vermuten, aber tats\u00e4chlich befinden wir uns in einem sehr spannenden und wenig bekannten Wandergebiet:<\/p>\n\n\n\n<ul class=\"wp-block-list\">\n<li><strong>7 auf einen Streich &#8211; Kretas sch\u00f6nste Strandwanderung!<\/strong><br>Etwas Vergleichbares habe ich bisher nirgends auf Kreta angetroffen, das solltest du keinesfalls verpassen: In K\u00fcstenn\u00e4he, in <strong>Richtung Osten<\/strong>, kannst du quasi von Strand zu Strand &#8222;h\u00fcpfen&#8220;! Schon in Makry-Gialos gehst du einfach dem &#8222;<strong>langen Strand<\/strong>&#8220; entlang, bis fast zu seinem Ende. Dort geht es kurz hinauf zur Strasse, um dann beim OBC Hotel gleich in Richtung Terrasse rechts zu schwenken (ist \u00f6ffentlich zug\u00e4nglich). Nach den Swimming-Pools f\u00fchrt eine Treppe hinunter zum ersten Hotelstrand und dann ein h\u00f6lzerner Steg zum zweiten Hotelstrand (alles \u00f6ffentlich). Beim Mikropoli (TUI-Hotel) geht es wieder hinauf zur Dorfstrasse. Das ist das letzte Wegst\u00fcck, das du bis zur <strong>Diaskari Taverne + Beach<\/strong> auf der Strasse gehen musst. Ab hier geht es der &#8222;Nase entlang&#8220; zum weitl\u00e4ufigen <strong>Langada Beach<\/strong>, gefolgt von zauberhaften Buchten mit kleineren Str\u00e4nden. Endpunkt der Wanderung ist der &#8222;<strong>Cavo bianco<\/strong>&#8222;, der im Sommerhalbjahr bewirtet wird und beim jungen Publikum sehr beliebt ist.  Nat\u00fcrlich l\u00e4sst sich diese Tour optimal mit einem Bad an einem der hervorragenden Str\u00e4nde oder in einer abgelegenen Bucht kombinieren. Im Herbst und Winter begegnet man manchmal auch dem Schafhirten mit seiner grossen Schafherde. Im Fr\u00fchling bl\u00fchen an gewissen Orten Orchideen. Hier der <a rel=\"noreferrer noopener\" href=\"https:\/\/www.komoot.de\/tour\/988544056?ref=wtd\" target=\"_blank\">Link zur bebilderten Komoot Wanderbeschreibung<\/a>, die ich am 02.12.2022 aufgezeichnet habe.<\/li>\n\n\n\n<li>Am ehesten im Reisef\u00fchrer beschrieben ist die \u00ab<strong>Butterfly Gorge<\/strong>\u00bb. Ihr Eingang befindet sich etwa 4 km westlich vom Haus, kurz nach Koutsouras. Der gut erkennbare und beschattete Parkplatz mit Taverne markiert den Anfang. Anf\u00e4nglich geht es durch einen gepflanzten Pinienwald, bevor das Abenteuer beginnt. Kleine Kraxeleien, Bachquerungen, eine Holzleiter, Wasserleitsystem, Schilf und B\u00fcsche bereichern die Route. Nach dem ersten Drittel kommt ein kleiner Bauernhof mit einer <strong>uralten Kapelle (3. Jh.) und sch\u00f6nem Picknickplatz<\/strong>. Etwa einen Kilometer weiter hinten quert eine unscheinbare Steinmauer ein Seitent\u00e4lchen, wobei es sich um einen <strong>r\u00f6mischen Aqu\u00e4dukt<\/strong> handelt! Die Schlucht zieht sich weit den Berg hinauf, bis zum <strong>Dorf Orino<\/strong>, wo es eine Taverne gibt. Es gibt mehrere Abzweigungen in Richtung zur Bergstrasse, falls es dir zu viel wird. Von Dezember bis April sind die ersten paar Bachquerungen m\u00f6glicherweise etwas herausfordernd &#8211; wir mussten unsere Expedition auch schon abbrechen. <br>Obwohl der Name viele Schmetterlinge verspricht, trifft dies nicht zwingend zu. Trotzdem ist die Landschaft sehr sch\u00f6n und diese Wanderung ist bestimmt ein Erlebnis.<\/li>\n\n\n\n<li>Sehr empfehlenswert ist auch die kleine Bergwanderung vom malerischen <strong>Pefki <\/strong>zur griechisch-orthodoxen <strong>Stavromensos Kapelle<\/strong> auf rund 700 m \u00fc.M. Von dort hat man eine sehr sch\u00f6ne Aussicht auf die S\u00fcdk\u00fcste. Der Bergweg beginnt am oberen Dorfrand und ist \u00fcber diverse G\u00e4sschen erreichbar. Auch hier befinden wir uns auf dem E4-Wegnetz. Wem dies zu wenig ist, sind die Abstecher zu den zwei H\u00f6hlen empfohlen: Um zur <strong>Apolistiki-H\u00f6hle<\/strong> zu gelangen folgt man rund eine Stunde dem Bergstr\u00e4sschen bis zu seinem Ende und von dort noch etwa 500 m auf dem Ger\u00f6ll. Ein Wegweiser (mit falscher Pfeilrichtung) markiert den Eingang zur H\u00f6hle. Die ersten paar Meter sind gut gesichert. Etwas weiter innen hat es einen kleinen Dom mit Stalaktiten und Stalagmiten. Taschenlampe nicht vergessen! Einfacher zu erreichen ist die <strong>Vreiko-H\u00f6hle<\/strong>, die sich etwa einen Kilometer nord\u00f6stlich von der Asphaltstrasse befindet, die wieder nach Pefki hinunterf\u00fchrt. Der Einstieg hier erfolgt \u00fcber eine komfortable Holztreppe.<\/li>\n\n\n\n<li>Etwa 7 km gegen Osten, kurz nach Kalo Nero, befindet sich das Kloster Moni Kapsa, das f\u00fcr Besucher offen ist (aber ohne Empfang). Ihm zu F\u00fcssen liegt der Eingang zur <strong>Pervolakia Gorge<\/strong>, die ich lieber als <strong>Schlucht der Geier<\/strong> bezeichnen w\u00fcrde. Obwohl man zuerst am westlichen Hang etwas hochsteigen muss, um gleich wieder zum Bachbett abzusteigen, lohnt sich der Aufwand. Mehrfach im Herbst konnte ich hier mindestens 5 Paare Geier beobachten, die in ihren Horsten hoch in den Felsennischen ihre Jungen aufzogen. Es lohnt sich also einen Feldstecher mitzunehmen und sich etwas Zeit f\u00fcr die Beobachtung dieser imposanten V\u00f6gel zu lassen. Wer bis hinauf ins Dorf Kato Pervolakia gehen m\u00f6chte, braucht Ausdauer und muss streckenweise \u00fcber Felsbl\u00f6cke kraxeln (Schwierigkeitsgrad T3 -T4). Im verwinkelten Dorf selber ist leider gar nix los, denn die kleine Taverne wurde im Sommer 2022 geschlossen. F\u00fcr den R\u00fcckweg gibt es die Variante, die \u00fcber die H\u00fcgellandschaft und einen Bergweg zum Kloster Moni Kapsa zur\u00fcckf\u00fchrt. Der Weg ist nicht immer so einfach zu erkennen (besser von oben herab als umgekehrt). Auch hierzu habe ich eine <a rel=\"noreferrer noopener\" href=\"https:\/\/www.komoot.de\/tour\/972039406?ref=wtd\" target=\"_blank\">Wanderbeschreibung bei Komoot<\/a> aufgenommen.<\/li>\n\n\n\n<li>Wer die rund einst\u00fcndige Fahrt \u00fcber kleine Bergstrassen nicht scheut, erholt sich zuerst im urigen Kafenion von Zarkos (es gibt auch andere Gasth\u00e4user). Anschliessend geht es in die bekannte <strong>\u00abDeath Valley Gorge\u00bb<\/strong> \u2013 eine Schlucht, die bis zum Meer hinunterf\u00fchrt und das Ende der europ\u00e4ischen Wanderroute E4 markiert. Nicht dass diese Schlucht besonders gef\u00e4hrlich w\u00e4re, aber am Ende befinden sich die Reste einer Minoischen Siedlung mit entsprechendem Friedhof. Noch etwas weiter, am Meer, gibt es ein paar Tavernen und einen sch\u00f6nen Kiesstrand. Wer die Wanderung lieber abk\u00fcrzen m\u00f6chte, parkiert das Auto etwa auf halbem Weg, etwas oberhalb der Schlucht (offizieller Parkplatz).<\/li>\n\n\n\n<li>Last but not least meine Perle, die <strong>Pefki Gorge<\/strong>: Ein knapp 3-st\u00fcndiger Rundgang, direkt von unserem Haus aus. Vom Ende der Sackgasse klettert man \u00fcber die Leitplanke, \u00fcberquert die wenig befahrene Umfahrungsstrasse und nimmt die kleine Bergstrasse. Etwas vor der Hochspannungsleitung zweigt rechts das Naturstr\u00e4sschen in Richtung Schlucht ab. Kurz darauf ist der Weg gut mit Holzwegweisern und E4-Tafeln markiert. So gelangt man \u00fcber die andere Talseite ins Innere der Schlucht. Ich verrate hier noch nicht alles, aber es erwarten dich eine Prise Abenteuer (keine Angst, ist einfach zu bew\u00e4ltigen) und eine atemberaubende Landschaft. Weiter oben, beim Picknickplatz, muss du dich entscheiden, ob es weiter ins Dorf Pefki geht oder ob du den S\u00e4umerweg zur\u00fcck nach Makrygialos nimmst. Letzterer f\u00fchrt oberhalb der Schlucht wieder nach S\u00fcden und steigt im Zickzack zum Schluchteingang ab. Von dort lohnt es sich, das kleine Str\u00e4sschen ins Tal zu nehmen, um dann in Analipsi\/Makrygialos wieder in die Zivilisation einzutauchen und eine kleine Erfrischung zu geniessen, beispielsweise in der Patisserie zwischen Gem\u00fcseladen und Metzgerei.<\/li>\n\n\n\n<li><\/li>\n<\/ul>\n\n\n\n<figure class=\"wp-block-gallery has-nested-images columns-default is-cropped wp-block-gallery-1 is-layout-flex wp-block-gallery-is-layout-flex\">\n<figure class=\"wp-block-image size-large\"><img decoding=\"async\" width=\"1024\" height=\"768\" data-id=\"41\" src=\"https:\/\/www.carobgarden.ch\/wp-content\/uploads\/2021\/08\/PC200934-1024x768.jpg\" alt=\"\" class=\"wp-image-41\" srcset=\"https:\/\/www.carobgarden.ch\/wp-content\/uploads\/2021\/08\/PC200934-1024x768.jpg 1024w, https:\/\/www.carobgarden.ch\/wp-content\/uploads\/2021\/08\/PC200934-300x225.jpg 300w, https:\/\/www.carobgarden.ch\/wp-content\/uploads\/2021\/08\/PC200934-768x576.jpg 768w, https:\/\/www.carobgarden.ch\/wp-content\/uploads\/2021\/08\/PC200934-1536x1152.jpg 1536w, https:\/\/www.carobgarden.ch\/wp-content\/uploads\/2021\/08\/PC200934-2048x1536.jpg 2048w, https:\/\/www.carobgarden.ch\/wp-content\/uploads\/2021\/08\/PC200934-scaled.jpg 1920w\" sizes=\"(max-width: 1024px) 100vw, 1024px\" \/><\/figure>\n\n\n\n<figure class=\"wp-block-image size-large\"><img decoding=\"async\" width=\"768\" height=\"1024\" data-id=\"127\" src=\"https:\/\/www.carobgarden.ch\/wp-content\/uploads\/2021\/08\/PB290655-768x1024.jpg\" alt=\"\" class=\"wp-image-127\" srcset=\"https:\/\/www.carobgarden.ch\/wp-content\/uploads\/2021\/08\/PB290655-768x1024.jpg 768w, https:\/\/www.carobgarden.ch\/wp-content\/uploads\/2021\/08\/PB290655-225x300.jpg 225w, https:\/\/www.carobgarden.ch\/wp-content\/uploads\/2021\/08\/PB290655-1152x1536.jpg 1152w, https:\/\/www.carobgarden.ch\/wp-content\/uploads\/2021\/08\/PB290655-1536x2048.jpg 1536w, https:\/\/www.carobgarden.ch\/wp-content\/uploads\/2021\/08\/PB290655-scaled.jpg 1440w\" sizes=\"(max-width: 768px) 100vw, 768px\" \/><\/figure>\n\n\n\n<figure class=\"wp-block-image size-large\"><img decoding=\"async\" width=\"768\" height=\"1024\" data-id=\"163\" src=\"https:\/\/www.carobgarden.ch\/wp-content\/uploads\/2021\/08\/PB170305-768x1024.jpg\" alt=\"\" class=\"wp-image-163\" srcset=\"https:\/\/www.carobgarden.ch\/wp-content\/uploads\/2021\/08\/PB170305-768x1024.jpg 768w, https:\/\/www.carobgarden.ch\/wp-content\/uploads\/2021\/08\/PB170305-225x300.jpg 225w, https:\/\/www.carobgarden.ch\/wp-content\/uploads\/2021\/08\/PB170305-1152x1536.jpg 1152w, https:\/\/www.carobgarden.ch\/wp-content\/uploads\/2021\/08\/PB170305-1536x2048.jpg 1536w, https:\/\/www.carobgarden.ch\/wp-content\/uploads\/2021\/08\/PB170305-scaled.jpg 1440w\" sizes=\"(max-width: 768px) 100vw, 768px\" \/><\/figure>\n<\/figure>\n\n\n\n<h2 class=\"wp-block-heading\" id=\"biken\"><br>Biken<\/h2>\n\n\n\n<p>Die zahlreichen Berg-und Landwirtschaftsstr\u00e4sschen sind ein Eldorado f\u00fcr Biker! Aktuelle Eindr\u00fccke dazu im Blog und hier eine Auswahl: <\/p>\n\n\n\n<ul class=\"wp-block-list\">\n<li>Zum Aussichtspunkt bei der Stavromenos Kapelle (letzter Teil zu Fuss) und weiter zur Apoloustris H\u00f6hle (dito), in Pefki einkehren und via Ag. Stefanos zur\u00fcck. Viele H\u00f6henmeter, relativ kurze Strecke, siehe <a rel=\"noreferrer noopener\" href=\"https:\/\/www.komoot.de\/tour\/989553305?ref=wtd\" target=\"_blank\">Komoot-Beschreibung.<\/a><\/li>\n\n\n\n<li>Bike- und Wanderausflug nach Schinokapsala: Einfache Route, mittlere Kondition, asphaltierte Bergstrasse. <a href=\"https:\/\/www.carobgarden.ch\/?p=669\" target=\"_blank\" rel=\"noreferrer noopener\">Details siehe Blog<\/a>.<\/li>\n\n\n\n<li>3-P\u00e4sse-MTB-Tour via Orino nach Thripti (liegt hinter dem h\u00f6chsten Berg hier). Konditionell anspruchsvolle Tour, recht grosser Anteil Naturstrassen, tolle Aussicht. Details siehe <a rel=\"noreferrer noopener\" href=\"https:\/\/www.carobgarden.ch\/?p=809\" target=\"_blank\">Blog <\/a>und <a rel=\"noreferrer noopener\" href=\"https:\/\/www.komoot.de\/tour\/961215651?ref=wtd\" target=\"_blank\">Komoot<\/a>.<\/li>\n<\/ul>\n\n\n\n<p><br>Das e-MTB hier im G\u00e4stehaus kann gemietet werden, ist jedoch eher f\u00fcr moderate Touren geeignet. Im Nachbardorf Koutsouras gibt es einen <strong>Bike-Shop<\/strong>. Ioannis hat eine tolle Auswahl an Mountainbikes, auch als e-Bike und rassige Strassenbikes &#8211; alles zu attraktiven Preisen! <\/p>\n\n\n\n<figure class=\"wp-block-image size-large\"><img decoding=\"async\" width=\"1024\" height=\"485\" src=\"https:\/\/www.carobgarden.ch\/wp-content\/uploads\/2022\/05\/20220510_171909-1024x485.jpg\" alt=\"\" class=\"wp-image-652\" srcset=\"https:\/\/www.carobgarden.ch\/wp-content\/uploads\/2022\/05\/20220510_171909-1024x485.jpg 1024w, https:\/\/www.carobgarden.ch\/wp-content\/uploads\/2022\/05\/20220510_171909-300x142.jpg 300w, https:\/\/www.carobgarden.ch\/wp-content\/uploads\/2022\/05\/20220510_171909-768x364.jpg 768w, https:\/\/www.carobgarden.ch\/wp-content\/uploads\/2022\/05\/20220510_171909.jpg 1468w\" sizes=\"(max-width: 1024px) 100vw, 1024px\" \/><\/figure>\n\n\n\n<h2 class=\"wp-block-heading\" id=\"kulturelles\"><br>Kulturelles<\/h2>\n\n\n\n<p>Kreta ist ein Hotspot der <strong>Arch\u00e4ologie<\/strong>: Zahlreiche \u00dcberreste der Minoer &#8211; eine Kultur etwa gleich alt wie die \u00c4gypter- wurden ausgegraben:<\/p>\n\n\n\n<ul class=\"wp-block-list\">\n<li>Am bekanntesten ist der Palast von <strong>Knossos <\/strong>bei Heraklion, was als Tagesausflug in Kombination mit der Hin- oder R\u00fcckreise empfehlenswert ist.<\/li>\n\n\n\n<li>Bei der Fahrt nach Makry Gialos kommt man an der Ausgrabungsst\u00e4tte <strong>Gournia <\/strong>vorbei. Ein kurzer Zwischenhalt kann sich lohnen.<\/li>\n\n\n\n<li>In <strong>Makry Gialos<\/strong> selbst sind \u00dcberreste einer <strong>r\u00f6mischen Villa<\/strong> und einer kleinen <strong>minoischen Siedlung<\/strong> vorhanden. Offiziell gibt es zwar keine Besuche, aber der Zaun ist nicht geschlossen. Insbesondere die r\u00f6mische Villa (gleich hinter der Dorfkirche in Richtung K\u00fcste) scheint mir recht interessant zu sein, denn es sind noch Mosaike und thermische Anlagen zu erkennen.<\/li>\n\n\n\n<li>Mit einer sch\u00f6nen Wanderung zu verbinden ist Ausgrabung von <strong>Kato Zakros<\/strong>, am Eingang zum Tal der Toten (siehe Wanderbeschreibung oben).<\/li>\n\n\n\n<li>Auch ein Tagesausflug wert ist die minoische Ausgrabungsst\u00e4tte in <strong>Phaistos<\/strong>, an der mittleren S\u00fcdk\u00fcste. Ein Freund von mir hatte in seiner Studienzeit dort erg\u00e4nzende r\u00f6mische Ausgrabungen vorgenommen.<\/li>\n<\/ul>\n\n\n\n<p><strong>St\u00e4dte in Ostkreta<\/strong><\/p>\n\n\n\n<ul class=\"wp-block-list\">\n<li><strong>Ierapetra <\/strong>ist stark vom maurischen Einfluss der Nordafrikaner gepr\u00e4gt. So findet man im westlichen Zentrum Reste einer Moschee. Ein kleines arch\u00e4ologisches Museum befindet sich in der N\u00e4he des Hafens. Dank ihrer neuen Fussg\u00e4ngerzonen mausert sich die Kleinstadt zu einer angenehmen Sehensw\u00fcrdigkeit.<\/li>\n\n\n\n<li>In <strong>Sitia <\/strong>findet man venezianische Einfl\u00fcsse. Die quirlige Hafenstadt ist regionales Zentrum und auf alle F\u00e4lle einen Besuch wert!<\/li>\n\n\n\n<li>Wer den Massentourismus nicht scheut, f\u00fchlt sich in <strong>Agios Nikolaos<\/strong> bestimmt wohl. Dank seiner nat\u00fcrlichen Hafenbucht l\u00f6st dieses St\u00e4dtchen in der Regel einen &#8222;J\u00f6\u00f6h-Effekt&#8220; beim ersten Besuch aus.<\/li>\n<\/ul>\n\n\n\n<p>Anziehungspunkte sind auch die <strong>Kl\u00f6ster<\/strong>:<\/p>\n\n\n\n<ul class=\"wp-block-list\">\n<li>In unmittelbarer N\u00e4he, an der K\u00fcstenstrasse in Richtung Osten, befindet sich das<strong> Moni Kapsa<\/strong>, wo sich auch der Eingang zur Pervolakiaschlucht (Schlucht der Geier) befindet. Der Eingang ist in der Regel offen, aber Bewohner sind keine anzutreffend, was etwas befremdend wirken kann.<\/li>\n\n\n\n<li>Als Wanderung oder Biketour vom Haus aus gibt es in Richtung Stavrochori die versteckte <strong>Einsiedelei Pangania Lygias<\/strong> zu entdecken (siehe Beschreibung im <a href=\"https:\/\/www.carobgarden.ch\/?p=1096\">Blog<\/a>).<\/li>\n\n\n\n<li>Mit umfangreichen L\u00e4ndereien (z.B. Palmenstrand Vai) ausgestattet ist das <strong>Moni Toplou<\/strong> im Osten von Sitia. Dort befindet sich auch ein kleines Museum und im Bistro kann man sich erfrischen.<\/li>\n<\/ul>\n\n\n\n<figure class=\"wp-block-image size-large is-style-default\"><img decoding=\"async\" width=\"1024\" height=\"768\" src=\"https:\/\/www.carobgarden.ch\/wp-content\/uploads\/2021\/10\/PB050119-1024x768.jpg\" alt=\"\" class=\"wp-image-200\" srcset=\"https:\/\/www.carobgarden.ch\/wp-content\/uploads\/2021\/10\/PB050119-1024x768.jpg 1024w, https:\/\/www.carobgarden.ch\/wp-content\/uploads\/2021\/10\/PB050119-300x225.jpg 300w, https:\/\/www.carobgarden.ch\/wp-content\/uploads\/2021\/10\/PB050119-768x576.jpg 768w, https:\/\/www.carobgarden.ch\/wp-content\/uploads\/2021\/10\/PB050119-1536x1152.jpg 1536w, https:\/\/www.carobgarden.ch\/wp-content\/uploads\/2021\/10\/PB050119-2048x1537.jpg 2048w, https:\/\/www.carobgarden.ch\/wp-content\/uploads\/2021\/10\/PB050119-scaled.jpg 1920w\" sizes=\"(max-width: 1024px) 100vw, 1024px\" \/><\/figure>\n","protected":false},"excerpt":{"rendered":"<p>Meer in Sicht! Nicht nur von jedem Studio aus in Sicht, aber tats\u00e4chlich nah: Zu Fuss in gem\u00fctlichen 5 Minuten bist du am \u00f6ffentlichen Sandstrand, der sich weit \u00fcber die Bucht von Makrygialos hinzieht. Wer es lieber mit Liegest\u00fchlen und Sonnenschirmen m\u00f6bliert hat, konsumiert etwas in einer Taverne und darf dann deren Infrastruktur nutzen. F\u00fcr [&hellip;]<\/p>\n","protected":false},"author":1,"featured_media":0,"parent":0,"menu_order":0,"comment_status":"closed","ping_status":"closed","template":"fullwidth.php","meta":{"ngg_post_thumbnail":0,"footnotes":""},"class_list":["post-111","page","type-page","status-publish","hentry"],"_links":{"self":[{"href":"https:\/\/www.carobgarden.ch\/index.php?rest_route=\/wp\/v2\/pages\/111","targetHints":{"allow":["GET"]}}],"collection":[{"href":"https:\/\/www.carobgarden.ch\/index.php?rest_route=\/wp\/v2\/pages"}],"about":[{"href":"https:\/\/www.carobgarden.ch\/index.php?rest_route=\/wp\/v2\/types\/page"}],"author":[{"embeddable":true,"href":"https:\/\/www.carobgarden.ch\/index.php?rest_route=\/wp\/v2\/users\/1"}],"replies":[{"embeddable":true,"href":"https:\/\/www.carobgarden.ch\/index.php?rest_route=%2Fwp%2Fv2%2Fcomments&post=111"}],"version-history":[{"count":24,"href":"https:\/\/www.carobgarden.ch\/index.php?rest_route=\/wp\/v2\/pages\/111\/revisions"}],"predecessor-version":[{"id":1159,"href":"https:\/\/www.carobgarden.ch\/index.php?rest_route=\/wp\/v2\/pages\/111\/revisions\/1159"}],"wp:attachment":[{"href":"https:\/\/www.carobgarden.ch\/index.php?rest_route=%2Fwp%2Fv2%2Fmedia&parent=111"}],"curies":[{"name":"wp","href":"https:\/\/api.w.org\/{rel}","templated":true}]}}